{"id":65,"date":"2021-06-08T22:35:18","date_gmt":"2021-06-08T19:35:18","guid":{"rendered":"https:\/\/katsoihminen.com\/covid-19\/?page_id=65"},"modified":"2021-06-11T16:33:40","modified_gmt":"2021-06-11T13:33:40","slug":"covid19-valokuvanayttely","status":"publish","type":"page","link":"https:\/\/katsoihminen.com\/covid-19\/","title":{"rendered":"COVID19-valokuvan\u00e4yttely"},"content":{"rendered":"\n<div class=\"wp-block-image\"><figure class=\"aligncenter size-large\"><img loading=\"lazy\" decoding=\"async\" width=\"935\" height=\"213\" src=\"https:\/\/katsoihminen.com\/covid-19\/wp-content\/uploads\/2021\/06\/koronatarinat-banner-1_6_21-01.jpeg\" alt=\"\" class=\"wp-image-76\" srcset=\"https:\/\/katsoihminen.com\/covid-19\/wp-content\/uploads\/2021\/06\/koronatarinat-banner-1_6_21-01.jpeg 935w, https:\/\/katsoihminen.com\/covid-19\/wp-content\/uploads\/2021\/06\/koronatarinat-banner-1_6_21-01-300x68.jpeg 300w, https:\/\/katsoihminen.com\/covid-19\/wp-content\/uploads\/2021\/06\/koronatarinat-banner-1_6_21-01-768x175.jpeg 768w\" sizes=\"auto, (max-width: 935px) 100vw, 935px\" \/><\/figure><\/div>\n\n\n\n<p><\/p>\n\n\n\n<p>COVID19-valokuvan\u00e4yttely kertoo kuvien ja tarinoiden kautta, kuinka koronavirus tai sen uhka koskettaa meit\u00e4 kaikkia. I\u00e4st\u00e4, el\u00e4m\u00e4ntilanteesta ja ammatista riippumatta ihminen kokee samoja pelon, ahdistuksen ja yksin\u00e4isyyden tunteita. Toivo kuitenkin el\u00e4\u00e4.<\/p>\n\n\n\n<p>N\u00e4yttely on osa valokuvataitelija Johanna Kareen KATSO IHMINEN\u2122 -n\u00e4yttelykonseptia. Kare haluaa kuviensa her\u00e4tt\u00e4v\u00e4n ajatuksia ja inspiroivan ihmisi\u00e4 hyv\u00e4\u00e4n.<\/p>\n\n\n\n<p>N\u00e4yttelyn on tilannut Ihmisoikeuskeskus.<\/p>\n\n\n<ul class=\"wp-block-latest-posts__list wp-block-latest-posts\"><li><a class=\"wp-block-latest-posts__post-title\" href=\"https:\/\/katsoihminen.com\/covid-19\/arto-kirkkoherra\/\">1. Arto &#8211; kirkkoherra<\/a><\/li>\n<li><a class=\"wp-block-latest-posts__post-title\" href=\"https:\/\/katsoihminen.com\/covid-19\/tomas-vakavasti-sairas-nuori-mies\/\">2. Tomas \u2013 vakavasti sairas nuori mies<\/a><\/li>\n<li><a class=\"wp-block-latest-posts__post-title\" href=\"https:\/\/katsoihminen.com\/covid-19\/arja-elakelainen\/\">3. Arja &#8211; el\u00e4kel\u00e4inen<\/a><\/li>\n<li><a class=\"wp-block-latest-posts__post-title\" href=\"https:\/\/katsoihminen.com\/covid-19\/4-veli-jukka-infektiolaakari\/\">4. Veli-Jukka \u2013 infektiol\u00e4\u00e4k\u00e4ri<\/a><\/li>\n<li><a class=\"wp-block-latest-posts__post-title\" href=\"https:\/\/katsoihminen.com\/covid-19\/5-emmi-sairaanhoitaja\/\">5. Emmi \u2013 Sairaanhoitaja<\/a><\/li>\n<li><a class=\"wp-block-latest-posts__post-title\" href=\"https:\/\/katsoihminen.com\/covid-19\/6-maggie-kahvilayrittaja\/\">6. Maggie &#8211; kahvilayritt\u00e4j\u00e4<\/a><\/li>\n<li><a class=\"wp-block-latest-posts__post-title\" href=\"https:\/\/katsoihminen.com\/covid-19\/7-paivi-siivooja\/\">7. P\u00e4ivi \u2013 siivooja<\/a><\/li>\n<li><a class=\"wp-block-latest-posts__post-title\" href=\"https:\/\/katsoihminen.com\/covid-19\/8-johan-teatterinjohtaja-tuottaja\/\">8. Johan \u2013 teatterinjohtaja\/tuottaja<\/a><\/li>\n<li><a class=\"wp-block-latest-posts__post-title\" href=\"https:\/\/katsoihminen.com\/covid-19\/9-heidi-opettaja\/\">9. Heidi &#8211; opettaja<\/a><\/li>\n<li><a class=\"wp-block-latest-posts__post-title\" href=\"https:\/\/katsoihminen.com\/covid-19\/10-sami-jarjestyspoliisi\/\">10. Sami \u2013 j\u00e4rjestyspoliisi<\/a><\/li>\n<\/ul>\n\n\n<p><\/p>\n","protected":false},"excerpt":{"rendered":"<p>COVID19-valokuvan\u00e4yttely kertoo kuvien ja tarinoiden kautta, kuinka koronavirus tai sen uhka koskettaa meit\u00e4 kaikkia. I\u00e4st\u00e4, el\u00e4m\u00e4ntilanteesta ja ammatista riippumatta ihminen kokee samoja pelon, ahdistuksen ja yksin\u00e4isyyden tunteita. Toivo kuitenkin el\u00e4\u00e4. N\u00e4yttely on osa valokuvataitelija Johanna Kareen KATSO IHMINEN\u2122 -n\u00e4yttelykonseptia. Kare haluaa kuviensa her\u00e4tt\u00e4v\u00e4n ajatuksia ja inspiroivan ihmisi\u00e4 hyv\u00e4\u00e4n. N\u00e4yttelyn on tilannut Ihmisoikeuskeskus.<\/p>\n","protected":false},"author":1,"featured_media":0,"parent":0,"menu_order":0,"comment_status":"closed","ping_status":"closed","template":"","meta":{"footnotes":""},"class_list":["post-65","page","type-page","status-publish","hentry","entry"],"_links":{"self":[{"href":"https:\/\/katsoihminen.com\/covid-19\/wp-json\/wp\/v2\/pages\/65","targetHints":{"allow":["GET"]}}],"collection":[{"href":"https:\/\/katsoihminen.com\/covid-19\/wp-json\/wp\/v2\/pages"}],"about":[{"href":"https:\/\/katsoihminen.com\/covid-19\/wp-json\/wp\/v2\/types\/page"}],"author":[{"embeddable":true,"href":"https:\/\/katsoihminen.com\/covid-19\/wp-json\/wp\/v2\/users\/1"}],"replies":[{"embeddable":true,"href":"https:\/\/katsoihminen.com\/covid-19\/wp-json\/wp\/v2\/comments?post=65"}],"version-history":[{"count":10,"href":"https:\/\/katsoihminen.com\/covid-19\/wp-json\/wp\/v2\/pages\/65\/revisions"}],"predecessor-version":[{"id":108,"href":"https:\/\/katsoihminen.com\/covid-19\/wp-json\/wp\/v2\/pages\/65\/revisions\/108"}],"wp:attachment":[{"href":"https:\/\/katsoihminen.com\/covid-19\/wp-json\/wp\/v2\/media?parent=65"}],"curies":[{"name":"wp","href":"https:\/\/api.w.org\/{rel}","templated":true}]}}

COVID19-valokuvanäyttely

<div class="wp-block-image"><figure class="aligncenter size-large"><img loading="lazy" decoding="async" width="935" height="213" src="https://katsoihminen.com/covid-19/wp-content/uploads/2021/06/koronatarinat-banner-1_6_21-01.jpeg" alt="" class="wp-image-76" srcset="https://katsoihminen.com/covid-19/wp-content/uploads/2021/06/koronatarinat-banner-1_6_21-01.jpeg 935w, https://katsoihminen.com/covid-19/wp-content/uploads/2021/06/koronatarinat-banner-1_6_21-01-300x68.jpeg 300w, https://katsoihminen.com/covid-19/wp-content/uploads/2021/06/koronatarinat-banner-1_6_21-01-768x175.jpeg 768w" sizes="auto, (max-width: 935px) 100vw, 935px" /></figure></div>



<p></p>



<p>COVID19-valokuvanäyttely kertoo kuvien ja tarinoiden kautta, kuinka koronavirus tai sen uhka koskettaa meitä kaikkia. Iästä, elämäntilanteesta ja ammatista riippumatta ihminen kokee samoja pelon, ahdistuksen ja yksinäisyyden tunteita. Toivo kuitenkin elää.</p>



<p>Näyttely on osa valokuvataitelija Johanna Kareen KATSO IHMINEN™ -näyttelykonseptia. Kare haluaa kuviensa herättävän ajatuksia ja inspiroivan ihmisiä hyvään.</p>



<p>Näyttelyn on tilannut Ihmisoikeuskeskus.</p>


<ul class="wp-block-latest-posts__list wp-block-latest-posts"><li><a class="wp-block-latest-posts__post-title" href="https://katsoihminen.com/covid-19/arto-kirkkoherra/">1. Arto &#8211; kirkkoherra</a></li>
<li><a class="wp-block-latest-posts__post-title" href="https://katsoihminen.com/covid-19/tomas-vakavasti-sairas-nuori-mies/">2. Tomas – vakavasti sairas nuori mies</a></li>
<li><a class="wp-block-latest-posts__post-title" href="https://katsoihminen.com/covid-19/arja-elakelainen/">3. Arja &#8211; eläkeläinen</a></li>
<li><a class="wp-block-latest-posts__post-title" href="https://katsoihminen.com/covid-19/4-veli-jukka-infektiolaakari/">4. Veli-Jukka – infektiolääkäri</a></li>
<li><a class="wp-block-latest-posts__post-title" href="https://katsoihminen.com/covid-19/5-emmi-sairaanhoitaja/">5. Emmi – Sairaanhoitaja</a></li>
<li><a class="wp-block-latest-posts__post-title" href="https://katsoihminen.com/covid-19/6-maggie-kahvilayrittaja/">6. Maggie &#8211; kahvilayrittäjä</a></li>
<li><a class="wp-block-latest-posts__post-title" href="https://katsoihminen.com/covid-19/7-paivi-siivooja/">7. Päivi – siivooja</a></li>
<li><a class="wp-block-latest-posts__post-title" href="https://katsoihminen.com/covid-19/8-johan-teatterinjohtaja-tuottaja/">8. Johan – teatterinjohtaja/tuottaja</a></li>
<li><a class="wp-block-latest-posts__post-title" href="https://katsoihminen.com/covid-19/9-heidi-opettaja/">9. Heidi &#8211; opettaja</a></li>
<li><a class="wp-block-latest-posts__post-title" href="https://katsoihminen.com/covid-19/10-sami-jarjestyspoliisi/">10. Sami – järjestyspoliisi</a></li>
</ul>


<p></p>

<p>COVID19-valokuvanäyttely kertoo kuvien ja tarinoiden kautta, kuinka koronavirus tai sen uhka koskettaa meitä kaikkia. Iästä, elämäntilanteesta ja ammatista riippumatta ihminen kokee samoja pelon, ahdistuksen ja yksinäisyyden tunteita. Toivo kuitenkin elää. Näyttely on osa valokuvataitelija Johanna Kareen KATSO IHMINEN™ -näyttelykonseptia. Kare haluaa kuviensa herättävän ajatuksia ja inspiroivan ihmisiä hyvään. Näyttelyn on tilannut Ihmisoikeuskeskus.</p>
